ltiple of 374?
False
Is 137 a factor of 791021423?
True
Is 48 a factor of 9614400?
True
Is 6324500 a multiple of 350?
True
Is 3 a factor of 564363?
True
Is 699331479 a multiple of 33?
True
Is 282091634 a multiple of 4881?
False
Is 1638 a factor of 6478188444?
True
Is 70 a factor of 128174690?
True
Is 470593136 a multiple of 10?
False
Does 194 divide 70674376?
False
Does 9 divide 461906210?
False
Is 299894613 a multiple of 1273?
True
Is 51 a factor of 930260?
False
Is 5026 a factor of 195350707?
False
Is 2323719930 a multiple of 70?
True
Is 123 a factor of 72374852?
False
Is 884725 a multiple of 215?
True
Does 44 divide 240420573?
False
Is 60 a factor of 1147173060?
True
Is 35 a factor of 189106709?
False
Does 124 divide 277794017?
False
Does 39 divide 140135736?
True
Is 2130342 even?
True
Is 813747943 a multiple of 1447?
True
Is 2274 a factor of 49982520?
True
Is 109 a factor of 2141516702?
False
Is 109 a factor of 91831597?
False
Does 498 divide 7142814?
True
Does 490 divide 54341490?
True
Is 610573260 a multiple of 672?
False
Is 641 a factor of 19577240?
False
Is 1586303284 a multiple of 4439?
True
Is 4 a factor of 25278975?
False
Is 600817320 a multiple of 40?
True
Does 32 divide 83193593?
False
Does 1962 divide 13855402?
False
Is 381277216 a multiple of 691?
True
Is 19755855 a multiple of 63?
True
Is 521 a factor of 73089527?
True
Does 8 divide 706817654?
False
Is 236664768 a multiple of 2364?
True
Is 710704688 a multiple of 1499?
False
Does 1657 divide 67067070?
False
Is 1155372758 a multiple of 213?
False
Is 61058510 a multiple of 118?
True
Is 93 a factor of 278230207?
False
Is 1380171150 a multiple of 1355?
False
Does 85 divide 231298940?
True
Does 83 divide 13675696?
False
Is 1247999796 a multiple of 59?
False
Is 2 a factor of 142842605?
False
Is 9066817 a multiple of 459?
False
Does 124 divide 16672396?
False
Does 191 divide 1511920214?
False
Does 248 divide 57150112?
True
Does 17 divide 45122658?
True
Is 40829549 a multiple of 527?
False
Is 4 a factor of 77181252?
True
Is 893375692 a multiple of 44?
True
Does 3419 divide 836701099?
True
Is 20 a factor of 1814940?
True
Does 209 divide 2556478376?
False
Is 68733108 a multiple of 46?
True
Does 1183 divide 245390873?
True
Is 4 a factor of 23246362?
False
Does 1572 divide 375162643?
False
Does 3 divide 168803042?
False
Is 816 a factor of 2258635924?
False
Is 273636594 a multiple of 342?
True
Is 177 a factor of 15590868?
True
Is 12 a factor of 71175221?
False
Is 127001399 a multiple of 100?
False
Is 30134850 a multiple of 150?
True
Is 815435182 a multiple of 759?
False
Does 13 divide 1086576608?
True
Does 3 divide 1209979759?
False
Is 4 a factor of 104251251?
False
Does 2079 divide 42278544?
True
Does 73 divide 114334055?
False
Is 12171462 a multiple of 23?
True
Does 265 divide 1318049652?
False
Does 165 divide 50841225?
False
Does 357 divide 59629271?
False
Does 31 divide 32492500?
False
Is 86 a factor of 2390661579?
False
Is 3 a factor of 7286517?
True
Does 812 divide 51560376?
True
Is 1147135656 a multiple of 3162?
True
Is 458 a factor of 562587594?
False
Is 619597055 a multiple of 35?
True
Does 53 divide 20804267?
False
Does 36 divide 4658761?
False
Is 9443208 a multiple of 12?
True
Is 950 a factor of 614809551?
False
Is 1266202937 a multiple of 9351?
False
Is 464 a factor of 3835005726?
False
Is 22904917 a multiple of 1381?
False
Is 9 a factor of 2332751435?
False
Does 7 divide 104261129?
True
Does 10 divide 2167880010?
True
Is 130 a factor of 146172000?
True
Does 61 divide 612642764?
True
Does 295 divide 109395735?
True
Does 315 divide 962757180?
True
Does 742 divide 3986006138?
False
Is 101749191 a multiple of 2923?
False
Does 3 divide 726462459?
True
Is 32319187 a multiple of 9?
False
Is 8876448 a multiple of 2214?
False
Is 19604256 a multiple of 48?
True
Does 10 divide 393038264?
False
Does 8 divide 529796?
False
Is 79 a factor of 512065211?
False
Is 249276950 a multiple of 221?
True
Is 206208710 a multiple of 17?
False
Is 225 a factor of 4121036329?
False
Does 6 divide 611356692?
True
Is 123 a factor of 15088287?
True
Is 170390729 a multiple of 127?
False
Is 74434296 a multiple of 204?
True
Is 147 a factor of 5713187?
False
Is 27855000 a multiple of 200?
True
Is 4627 a factor of 903870462?
False
Does 3 divide 11141457?
True
Is 3 a factor of 36644035?
False
Is 1041725716 a multiple of 7144?
False
Does 13 divide 31421962?
True
Does 428 divide 235215763?
False
Is 4 a factor of 30388946?
False
Does 5 divide 17781340?
True
Is 69805152 a multiple of 6?
True
Is 43381170 a multiple of 294?
True
Is 1611 a factor of 112544460?
True
Does 53 divide 148832904?
True
Is 330947968 a multiple of 8?
True
Is 7837788 a multiple of 8?
False
Does 81 divide 3510907856?
False
Does 561 divide 563438479?
False
Does 120 divide 4676349966?
False
Does 1974 divide 147013650?
True
Is 65 a factor of 100897550?
True
Does 97 divide 15119487?
True
Is 7 a factor of 223813366?
True
Is 105916965 a multiple of 35?
True
Does 148 divide 1573403800?
False
Is 74438812 a multiple of 449?
True
Is 1412 a factor of 956192885?
False
Does 4 divide 1707380?
True
Does 33 divide 5656751727?
True
Is 68 a factor of 15781392?
False
Is 146 a factor of 11797287?
False
Is 2579 a factor of 463941468?
True
Is 345 a factor of 368766621?
False
Is 234937047 a multiple of 1641?
True
Does 244 divide 135060832?
True
Does 417 divide 204732149?
False
Is 1080 a factor of 326022183?
False
Is 8942341 a multiple of 115?
False
Is 172140947 a multiple of 27?
False
Is 551323584 a multiple of 756?
True
Is 36 a factor of 1006269012?
True
Does 5 divide 551617699?
False
Is 425361650 a multiple of 98?
True
Does 1354 divide 184176496?
True
Is 590 a factor of 14789618?
False
Does 171 divide 10310838?
False
Does 4353 divide 101067954?
True
Is 18 a factor of 49731462?
True
Does 54 divide 11448801?
False
Does 5 divide 14561682?
False
Is 37 a factor of 37556369?
True
Is 14 a factor of 4595332?
True
Does 94 divide 14456824?
True
Does 354 divide 14853132?
True
Does 76 divide 11330992?
True
Does 9 divide 739789803?
True
Does 19 divide 345344779?
True
Is 64832931 a multiple of 123?
True
Is 407231241 a multiple of 1271?
False
Does 17 divide 199475628?
False
Is 904639932 a multiple of 1596?
True
Does 58 divide 897492?
True
Is 2163 a factor of 65880654?
True
Is 771 a factor of 2003253116?
False
Does 44 divide 217574940?
True
Is 170 a factor of 699719152?
False
Does 1587 divide 33061971?
True
Does 266 divide 13309576?
True
Is 38 a factor of 11209747?
False
Is 2926598 a multiple of 347?
True
Is 31 a factor of 25206973?
False
Is 156 a factor of 235922076?
True
Does 100 divide 261929900?
True
Is 5 a factor of 404205?
True
Does 24 divide 69005688?
True
Does 43 divide 6258722?
False
Does 544 divide 55416729?
False
Is 382 a factor of 646894288?
False
Does 133 divide 2146058301?
False
Does 1796 divide 948128156?
True
Is 14 a factor of 90628440?
True
Is 113161001 a multiple of 67?
False
Is 28 a factor of 1093345736?
True
Does 651 divide 2571488?
False
Does 720 divide 1016025840?
True
Does 8 divide 1589621208?
True
Is 1108 a factor of 118474008?
True
Is 22 a factor of 24736387?
False
Is 23283901 a multiple of 4?
False
Does 500 divide 733604558?
False
Is 2196378 a multiple of 99?
False
Is 1561 a factor of 155034070?
False
Does 72 divide 3143169193?
False
Is 296943390 a multiple of 2055?
True
Is 1303121808 a multiple of 289?
True
Is 3293363799 a multiple of 40?
False
Is 38070547 a multiple of 8?
False
Is 867976858 a multiple of 271?
False
Does 14636 divide 4385783934?
False
Is 3103 a factor of 20079513?
True
Is 9 a factor of 218997920?
False
Is 18 a factor of 252579690?
True
Is 167949740 a multiple of 20?
True
Is 28 a factor of 446826772?
True
Does 367 divide 92295729?
True
Is 16264277 a multiple of 12?
False
Is 201181020 a multiple of 681?
True
Is 402819494 a multiple of 931?
True
Is 163 a factor of 1767198750?
False
Does 774 divide 674211740?
False
Is 1431 a factor of 50827689?
True
Does 1227 divide 183334659?
True
Is 3 a factor of 2599625?
False
Is 24 a factor of 98774568?
True
Does 1317 divide 65301486?
False
Is 47946528 a multiple of 544?
True
Is 269509506 a multiple of 1221?
False
Is 15694111 a multiple of 1580?
False
Is 10481753 a multiple of 3?
False
Is 36318616 a multi